c + 2*c**2 - 3. What are the prime factors of f(k)?
5, 17
Suppose -196 + 1148 = -5*u + 4*p, -3*p = 4*u + 743. Let i be u/(-5) - 18/30. Suppose q = -0*q - 3*t + i, -2*t - 168 = -5*q. List the prime factors of q.
2, 17
Let n(o) = 223*o + 39. Suppose -2*x - 15*l + 8 = -11*l, 0 = 5*x + 5*l - 25. What are the prime factors of n(x)?
3, 17
Let n = 9107 - -13764. List the prime factors of n.
22871
Suppose 5*h = -2*p + 99704, 4*h - 99696 = 19*p - 21*p. What are the prime factors of p?
2, 6229
Let t(c) = 602*c**2 - 14*c - 8. Let a be t(3). Suppose -4*w - 2*k = -8*w + a, -2*k = 5*w - 6701. What are the prime factors of w?
3, 149
Let m = -7 + 8. Let i be ((-2)/4 - m)*(8 + -14). Suppose -3*v + 135 = -4*y, 11*y = i*y + 6. List the prime factors of v.
7
Let s(n) = 8*n - 20. Let x be s(3). Suppose -1788 = -4*y - x*m, -2*y - 5*m = -0*y - 909. List the prime factors of y.
2, 13, 17
Suppose 3*n = 4*g + 36, 4*n + 14 = -2. Let s = g - -12. Suppose 0 = -l + 5*o + 18, -3*l + 2*o + s*o + 119 = 0. What are the prime factors of l?
43
Let t = -35 - -45. Suppose 0 = -9*d + t*d. Suppose d = 5*r - 307 + 42. List the prime factors of r.
53
Let n(q) = 2*q**2 - 4*q + 4. Let r be n(2). Suppose 2*g = r*g + 40. List the prime factors of (-149 + 1)*(g/(-8) + -3).
2, 37
Suppose 13*b + 233352 = 28*b - b. List the prime factors of b.
2, 3, 463
Suppose 131*d + 9*d - 316724 - 183776 = 0. What are the prime factors of d?
5, 11, 13
Let s be (-15)/((-90)/(-12)) + 1970. Let g = 3005 - s. List the prime factors of g.
17, 61
Suppose 3287 = -11*z + 14331. Suppose 5*w - 7*w = 3*i - z, 3*i - 984 = 3*w. What are the prime factors of i?
2, 83
What are the prime factors of 1 + 13 - (-5501 + -72)?
37, 151
Let n = -400 - -10. Let k = -340 - n. What are the prime factors of k?
2, 5
Let i be (-16125)/(-6) - -1*(-4)/(-8). Suppose 4*y - i = -2*x, 3221 + 133 = 5*y + x. What are the prime factors of y?
2, 5, 67
Let x be -5 + 0 + 15974 + -20. Suppose -45*d + x + 32876 = 0. List the prime factors of d.
5, 7, 31
Let p(b) be the third derivative of 109*b**4/12 - 5*b**3/6 + 40*b**2. Let n be p(-1). List the prime factors of -2 - -3 - (10/5 + n).
2, 3, 37
Suppose -3*n = 2*z - 4*z - 41, -2*n - 3*z = -36. Suppose -i + 12 = n. List the prime factors of -1 + i*(-12)/9.
3
Let m be 100/(-8)*4/1. What are the prime factors of (-4780)/m*5/(-4)*-6?
3, 239
Let i(a) = -385*a - 173. List the prime factors of i(-31).
2, 5881
Let f be 42/(-10) + 2/10 - 4. Let h(y) = -y**3 - 6*y**2 + 24*y - 10. Let b be h(f). Let q = 125 + b. What are the prime factors of q?
3, 17
Let s(m) = -24*m**3 - 19*m**2 - 151*m + 41. What are the prime factors of s(-9)?
17, 1021
Let v(p) = -27*p**3 - 1 - 9*p**3 + 6*p + 3 - p**2 + p**3. List the prime factors of v(-3).
2, 5, 23
Let c be (-3 + 4 + (-26)/(-4))*-2. Let p = c + 20. List the prime factors of -3 + 494/p - (-2)/10.
2, 3
Suppose -11*o + 13*o - 28 = 0. Let r be 0 - ((-2 - o) + 1). Suppose -50 = -r*q + 13*q. What are the prime factors of q?
5
Suppose -43*w = 67*w - 85140. What are the prime factors of w?
2, 3, 43
Let k(a) = 41*a**2 - 4*a + 6. Let j(o) = -4*o**2 + 23*o + 3. Let c be j(6). What are the prime factors of k(c)?
3, 43
Let z = 960 + -362. Suppose b + b - 4*a = z, -2*b + 608 = -2*a. What are the prime factors of (b/9 + 2)*9/3?
109
Let y = 18143 + -9327. List the prime factors of y.
2, 19, 29
Let l(t) = -1144 + 1112 + 5*t + 6*t. List the prime factors of l(41).
419
Let y be (-1692)/144 + 2/(-8). Let a = 400 - y. List the prime factors of a.
2, 103
Suppose -3*v - 10*v + 130166 = -373051. What are the prime factors of v?
3, 11, 17, 23
Suppose -6*t + 63 = -3. Suppose t*o = 4*o. Suppose 0 = -5*l - o*l + 405. What are the prime factors of l?
3
Let u(v) = -9*v - 54. Let d be u(-6). Suppose d = 31*b - 54081 + 6961. List the prime factors of b.
2, 5, 19
Let l be 3/6 + 13/2. Let s be -1260*(((-9)/6)/3)/1. Suppose -s = -l*m + 357. What are the prime factors of m?
3, 47
Let x = 7682 + -3400. What are the prime factors of x?
2, 2141
Suppose 30*t - 1239 = 11331. Suppose -7*w + t - 118 = 0. List the prime factors of w.
43
Let y = 275 + -275. Suppose y = 4*m + 4*f - 1696, -m - 3*f + 0*f = -426. List the prime factors of m.
3, 47
Suppose 1127633 = 58*t - 643397. List the prime factors of t.
5, 31, 197
Let q(f) = 2*f**2 - 56*f - 1144. List the prime factors of q(-66).
2, 11
Let a(m) = -42*m - 2 - 15 - 10. What are the prime factors of a(-5)?
3, 61
Let c be 12/(-8)*16/3. Let k be c/(-10)*5/2. Suppose -g + 20 = n, k*n - 76 = g - 5*g. What are the prime factors of g?
2, 3
Let d(i) be the second derivative of 9*i**5/20 + 5*i**4/12 + i**3/3 + 2*i**2 + 22*i. Let c be d(6). List the prime factors of (c/120)/((-1)/(-6)).
107
Suppose -c - 1126 = 3*u - 0*c, 0 = u - c + 382. Let n = u + 221. What are the prime factors of -4 - 11/(22/n)?
2, 37
Let j = -100 + 103. Suppose 4*y = 2*y - 5*b + 591, -j*b + 293 = y. What are the prime factors of y?
2, 7, 11
Let q be (0/1)/(2*(-3)/(-6)). Suppose q = 6*v - 353 + 59. Let y = v + -2. List the prime factors of y.
47
Let h = -68251 + 109170. List the prime factors of h.
17, 29, 83
Let x(i) be the second derivative of -i**4/6 - i**3/6 - 131*i**2/2 + 23*i. Let w be x(0). Let d = w + 188. What are the prime factors of d?
3, 19
Let n be 3*(46/4)/((-12)/40). Let h = n - -188. List the prime factors of h.
73
Let v(g) be the third derivative of -g**6/60 - g**5/15 - g**4/8 + g**3/6 - 2*g**2 - 1357. Suppose 13 = -4*y + 1. What are the prime factors of v(y)?
2, 7
Suppose 5*y - 7*y - 44 = -b, 5*b = 2*y + 180. Suppose 28*q = b*q - 5898. What are the prime factors of q?
983
Suppose -2*g + 101856 = -4*k, -3*g - 47*k + 152848 = -45*k. What are the prime factors of g?
2, 199
Let d(c) = -c**3 - 8*c**2 - 8*c - 1. Let q be d(-7). Suppose -1095 = -9*l + q*l. List the prime factors of l.
5, 73
What are the prime factors of (1550/(-1550))/((-2)/(-27254)*(-1)/1)?
13627
What are the prime factors of ((-468)/(-16))/(853/284 + -3)?
3, 13, 71
Let g(p) = -p**3 + 54*p**2 - 28*p - 796. What are the prime factors of g(52)?
2, 3, 263
Let c(r) = -r**2 - 4*r + 1. Let h be c(-3). Suppose h*b + 150 = 10. Let k = b + 48. List the prime factors of k.
13
List the prime factors of (-12 - -7378) + (-1 - 6).
3, 11, 223
Let g = -151 - -157. Suppose 5*x + 4*r = -638, -3*r - 134 = x + r. List the prime factors of (-200)/g*x/35.
2, 3, 5
Let i = -39569 + 65868. List the prime factors of i.
7, 13, 17
Let s = -1898 - -3633. Suppose -4*j + 1364 = 16*d - 12*d, s = 5*j - d. What are the prime factors of j?
2, 173
Suppose 0 = -15*p + 22131 + 12309. What are the prime factors of p?
2, 7, 41
Let k be -4 + (-30)/(-5) + 488. Suppose k = 79*q - 77*q. Let u = q - 163. What are the prime factors of u?
2, 41
Let k(j) = -4*j**2 + 9 - 35 - 18 - 4*j**3 - 3*j - 5*j. List the prime factors of k(-5).
2, 3, 11
Let o(m) = -m**2 + m + 2. Let b be o(-4). Let w be 3/b*-1 + (-44)/(-24). What are the prime factors of ((-71)/4)/(w/(-8))?
71
Let n = -204 - -205. List the prime factors of 8402/16 + n + (-54)/48.
3, 5, 7
Let z be ((-6)/8)/((-505)/252 + 2). Let t = z - -151. What are the prime factors of t?
2, 5, 17
Let w = 14878 + -8538. What are the prime factors of w?
2, 5, 317
Let f(a) = -27*a + 13. Let z = 138 + -147. List the prime factors of f(z).
2
Suppose -5*s = 3*u - 28393, 5*u = 4*s + 79517 - 32220. What are the prime factors of u?
9461
Suppose -3*q - 43484 = -4*n, -6*q = 3*n - 2*q - 32638. What are the prime factors of n?
2, 5437
Let y(o) = -9*o - 17. Let f be y(-5). Let n(v) = -6 - 8 - 2*v + f + 18. List the prime factors of n(-6).
2, 11
Let c(m) = -m**3 + 35*m**2 - 9*m - 691. List the prime factors of c(30).
3539
What are the prime factors of (-6001)/(3*-1*(420/(-36) + 12))?
17, 353
Suppose -2*o = -2*c - 66574, 31*c - 26*c = -3*o + 99845. What are the prime factors of o?
3, 5, 7, 317
Suppose -4*q = 0, -2*w - 11*q = -20*q + 7*q - 114384. List the prime factors of w.
2, 3, 2383
Suppose 5*y - 4 + 39 = 0. List the prime factors of (y - (-1 + -1))/((-13)/1053).
3, 5
Let p = -189 - -19. Let a be 753/(-9) + 13/(-39). Let n = a - p. List the prime factors of n.
2, 43
Suppose 28*l - 112 = -0*l. Suppose 6*v - 4*v = -4*o + 2432, l*v + 3*o - 4884 = 0. List the prime factors of v.
2, 3, 17
Suppose -143975 = -9*o - 16*o. What are the prime factors of 